7. Give c(u).
-3
Let g(y) be the first derivative of y**4/4 - 2*y**3/3 + 2*y**2 - 7*y - 782. What is g(3)?
14
Let r(d) be the third derivative of d**4/24 + d**3/3 - 195*d**2. Determine r(0).
2
Suppose -4*z = 3*v + 2*v + 329, -5*z - 424 = 2*v. Let r = z - -83. Let m(w) = 2 + 2*w - w**2 + 1 - 3*w. Give m(r).
-3
Let r(k) be the first derivative of -k**4/4 - 4*k**3/3 + 3*k**2/2 + 3*k + 145. Determine r(-5).
13
Let q(c) = c**2 + c - 1. Let j(s) = s**3 + 8*s**2 + 7*s - 2. Let l be j(-7). Determine q(l).
1
Let a(m) = -m**2 + m + 13 - 2*m + 2*m**2 + m**3 - 3*m**2 + m**2. What is a(0)?
13
Let q(j) = -j - 4. Let o be 9/(-27) + 10/3. Let l be q(o). Let i(z) = 4*z + z**2 + 6 + 0*z**2 + 4*z. Give i(l).
-1
Suppose i = 3*v - 5*v - 1, -3*i = -2*v - 21. Let b(q) = 6*q**2 + 4. Let u(p) = 6*p**2 + 5. Let n be 1/6*3*-8. Let t(d) = i*b(d) + n*u(d). What is t(-1)?
6
Let q(j) be the second derivative of -j**4/12 + 11*j**3/6 - 9*j**2/2 + 6*j + 16. Determine q(9).
9
Let q(n) = -n**2 - 799*n**3 + 0*n**2 + n - 801*n**3 + 1601*n**3. Calculate q(-2).
-14
Let k(n) be the first derivative of -n**4/4 - 2*n**3/3 - n**2/2 + 2*n - 145. Determine k(-2).
4
Let s(i) = -i**2 + 4*i - 11. Let f(v) = -7*v + 20. Let g(n) = 6*f(n) + 11*s(n). Calculate g(1).
-10
Let b be 1/(72/9 + -9). Suppose 4*g + 5*u = 23, 0*g - 4*u + 22 = 5*g. Let j(r) = g*r**2 - 3 + 2*r + 4 - 7*r**3 - r**2. Determine j(b).
7
Suppose -2*k + 13 - 1 = 0. Let s(x) be the first derivative of x**4/4 - 2*x**3 - x**2 + 9*x + 21. What is s(k)?
-3
Suppose 0 = 3*a - 2 - 4. Suppose a*y + 0*q = -q - 2, -2*y + q = 2. Let h(k) be the second derivative of 5*k**3/6 + k**2/2 - k. Calculate h(y).
-4
Let x(a) = 3*a - 46. Let g(s) = 3*s - 58. Let w(d) = 4*g(d) - 5*x(d). Calculate w(2).
-8
Let q be -6*(-12)/(-9)*1. Let m(v) = v + 11. Give m(q).
3
Let j(c) be the third derivative of -c**6/120 + c**5/20 - c**4/24 + c**2. Suppose 11*t - 152 = -141. Give j(t).
1
Let o = -37 + 53. Let c(l) = -1 + o*l - 33*l + 16*l - 3. Determine c(3).
-7
Let t(n) = -8*n - 8. Let v(j) = j + 1. Let c(k) = -2*t(k) - 14*v(k). Let m = 1156 + -1158. Give c(m).
-2
Let n(g) = -g**2 - g + 2. Let c(h) = -h**3 + h**2 + h. Let i be c(4). Let p = 70 + i. Let t = p - 26. Determine n(t).
2
Let w(d) be the third derivative of -3*d**5/20 - d**3/6 - 28*d**2. Let z(v) be the third derivative of v**5/60 + 4*v**2. Let u be z(1). Calculate w(u).
-10
Let p(z) = 2*z + 71 + z - 2*z - 71. Give p(-11).
-11
Let u(o) = 6*o**3 + 5*o**2 - 3*o - 4. Let r(l) = -l**3 + l. Suppose -12 = -j - 13. Let t(v) = j*u(v) - 4*r(v). Give t(-3).
16
Let f(u) be the second derivative of u**3/2 - 4*u**2 - 7*u + 2. Determine f(4).
4
Let k(n) = 4*n**3 - 23 - 3*n - n**3 - 22 + 41 - 4*n**3 - 4*n**2. What is k(-3)?
-4
Suppose -140*g + 50 = 190. Let j(k) = -25*k**2 + k. What is j(g)?
-26
Suppose 5*u + 12*u = -85. Let j(v) = v**2 + 7*v + 5. Determine j(u).
-5
Let j = 111 + -101. Let n(r) = r - 13. Give n(j).
-3
Suppose 5*g = 2*u + 94 + 6, 4*g + u = 67. Let x(h) = -g + 0*h**2 + h**2 + 25 + 8*h. Give x(-6).
-5
Let r(x) = -745*x**2 + 2*x**3 - 3*x**3 + 26*x + 757*x**2 + 27. Calculate r(14).
-1
Suppose 67 = 5*i - 4*p, 3*p = 2*i - 2*p - 20. Suppose 0 = 5*n + i, -2*j - 8 = n + 7. Let f(h) be the third derivative of h**4/12 - 7*h**3/6 + 4*h**2. Give f(j).
-19
Let y(u) = -u + 12. Let f(h) = h**2 - 34*h + 73. Let i be f(32). What is y(i)?
3
Let x = 3705 + -3706. Let j(t) = -t. Let w(h) = 4*h. Let g(p) = 15*j(p) + 5*w(p). Determine g(x).
-5
Let m(p) = -p**3 - 4*p**2 + 4. Let q(c) = -c - 5. Suppose 7*j + 18 = 4. Let l be q(j). Determine m(l).
-5
Let g(a) = 31*a**3 - 12*a**2 + 3*a - 7. Let c(v) = -23*v**3 + 11*v**2 - 4*v + 8. Let n(x) = 4*c(x) + 3*g(x). Determine n(-9).
-7
Let m(f) = -9 + 7 + f**2 + 5*f + 9*f. Let g(c) = 2*c**2 + 27*c - 3. Let i(p) = -6*g(p) + 11*m(p). Let k = -44 - -38. Give i(k).
8
Let v(m) = 3*m**3 - 2*m**2 - 9*m + 7. Let p(y) = 10*y**3 - 5*y**2 - 28*y + 22. Let k(s) = 2*p(s) - 7*v(s). What is k(5)?
5
Let a(f) = -2*f**2 + 3*f + 4. Suppose 3*d + 6 = -3*r, -r - 2*d - 7 = -6*d. Give a(r).
-23
Suppose -59*p + 2*m + 11 = -58*p, 3*m = -p + 11. Let b(n) = n**3 - 12*n**2 + 8*n + 26. Determine b(p).
-7
Let p(j) = j**2 + j + 29. Let k be 1 - -4*1*5/(-20). What is p(k)?
29
Suppose 2*a - 6*a + 468 = -4*g, -g + 121 = a. Suppose -35 = -2*s - a. Let v be (-72)/(-14) + 6/s. Let h(t) = -t + 6. Determine h(v).
1
Let x(j) = j - 13. Let v = -53 + 61. Let t be x(v). Let g(h) = h**3 + 5*h**2 + h - 2. Give g(t).
-7
Let y(q) = -8*q + 4 - 4 - 17*q. Calculate y(1).
-25
Let s = 33 - 37. Let i be (5 - (-26)/s)/(3/(-10)). Let m(p) = 3*p + 2. Calculate m(i).
17
Let p(k) be the third derivative of -k**6/180 + k**5/60 - k**4/8 - 3*k**2. Let v(a) be the second derivative of p(a). Suppose -2*j + 3 = -3*j. Calculate v(j).
14
Let h(k) be the third derivative of -k**5/60 + k**4/24 + k**3/6 - 11*k**2. Let o(d) = d**3 - 3*d**2 - 3*d + 4. Let m(r) = 3*h(r) + o(r). Calculate m(6).
7
Let d be 29 + -28 + -1*3. Let m(l) be the third derivative of 0*l + 0*l**4 - 1/30*l**5 + 1/3*l**3 + 0 - 2*l**2. Give m(d).
-6
Let w(v) = -37*v + 37*v + 11 + v**3 + 5*v**2. Let g(n) = -n**3 + n**2 - n - 1. Let t(s) = -2*g(s) - w(s). Calculate t(7).
5
Let o be (1 + (-23)/5)/(206/515). Let t(s) = -2*s - 16. What is t(o)?
2
Let m(k) = 3*k - 28. Let x(t) = 2*t**2 + 4*t + 3. Let q be x(-3). Let b be m(q). Let u(i) be the first derivative of -3*i**4/2 + i**3/3 - i - 1. What is u(b)?
6
Let v be (10/15)/((-3)/(-9)). Let u(z) = -57*z + 4*z**v - 3*z**2 - 2 + 56*z. Calculate u(-3).
10
Suppose 1 = -4*c - 7. Let q be (-4)/(-2)*7 + c. Let a(u) = q - u - 7 - 5. Calculate a(3).
-3
Suppose -2*l = 2*l - 8. Suppose -o + 0 = 5*x - 2, l*x - 2 = -o. Suppose x*z = -2*z - 2. Let m(j) = 5*j + 1. Give m(z).
-4
Let v(m) = -6845 + 7*m + m**2 + 6845. Calculate v(-7).
0
Let b(i) = -2*i**3 + i**2 - 2*i + 1. Let j(d) = -8*d**3 + 7*d**2 - 16*d + 6. Let a(n) = -7*b(n) + j(n). Calculate a(-1).
-5
Let u(s) = s**2 + s - 6. Let q be u(2). Let p be (q - -1 - -1)*1. Let c(n) = -2*n**2 + 3*n + p*n**2 - 2*n**2 - 4 + 3*n**2. What is c(-5)?
6
Suppose 10*j + 636 = 686. Let r(z) = z**3 - 5*z**2 - 5*z - 1. Give r(j).
-26
Let s(c) be the first derivative of c**2/2 + 21*c - 78. Give s(-13).
8
Let x(c) = 9*c + 23. Let m be (-3 - (-6)/57) + (-22)/209. What is x(m)?
-4
Let b(w) be the second derivative of -w**3/6 - 3*w**2 + 92*w. Calculate b(-7).
1
Let c(n) = 4*n + 23. Let p(s) = -s - 6. Let m(q) = -c(q) - 5*p(q). Suppose -y = 4*l - 5*y + 40, -5*y + 20 = 0. Determine m(l).
1
Let k(h) = 2*h**3 + 12*h**2 - 5*h + 58. Let p be k(-7). Let q(t) = 2 + 3*t - 6*t - 4. Determine q(p).
13
Let s(w) = 2*w**3 + 12*w**2 - 3*w**2 - 6*w**2 + 0 - 2*w**2 - 1. Suppose 3*m - 9 = -4*l, m - 1 = -l + 1. Calculate s(m).
-2
Let k(i) = 3*i - 11. Let m be k(5). Suppose 2*h - 2*d + m = 0, -3*h - 2 - 4 = 3*d. Let v(x) = -2*x. Determine v(h).
4
Let y(f) be the third derivative of f**6/180 - f**5/60 - 5*f**4/8 + 31*f**2. Let o(z) be the second derivative of y(z). Calculate o(2).
6
Let a be (-24)/8*1*2. Let l be -2 + (0 + -2 - 1 - a). Let y(n) = -n**3 - 2*n**2 + n. Give y(l).
-2
Let a = -479 + 480. Let k(y) = -2*y**2 - 3*y + 1. What is k(a)?
-4
Let j(c) = -5*c + 3. Let h = -19 - -9. Let u = h + 5. Let d be u/(15/(-2))*3. Give j(d).
-7
Let v(w) be the first derivative of -w**3/6 - 2*w - 1. Let s(y) be the first derivative of v(y). Suppose 4*f + 25 = 9. Give s(f).
4
Let i = 2237 - 2231. Let x(t) = -t**3 + 5*t**2 + 6*t + 6. What is x(i)?
6
Let x(k) be the first derivative of -k**6/360 - k**5/60 + k**4/8 - 16*k**3/3 - 14. Let i(v) be the third derivative of x(v). Determine i(3).
-12
Suppose 2*x = 5*r - 65, 0 = 56*r - 52*r + 4*x - 52. Let l(u) = -u**2 + 11*u - 16. Give l(r).
-42
Let t(g) = 14*g**3 - 11*g**2 + 15*g - 13. Let c(y) = -26*y**3 + 21*y**2 - 28*y + 24. Let d(f) = -6*c(f) - 11*t(f). What is d(3)?
17
Let j(i) = 5*i + i**2 + 5 - 5*i - 2 - 2. Calculate j(3).
10
Let n(w) = -w**2 - 7*w - 2. Let s(g) = 3*g**2 + 20*g + 5. Let p(t) = -11*n(t) - 4*s(t). What is p(3)?
-16
Suppose -2*w - g = -6*g - 46, -4*w = g - 48. Let b(a) = -2*a + 28. Determine b(w).
2
Let n be ((-189)/36)/(6/(-112)). Let u(d) = -n - d - 22*d**2 + 98. Give u(-1).
-21
Let c(o) = -o**2 + o + 2. Let n(k) = -k**3 - k**2 - 5*k - 8. Let v(l) = -3*c(l) - n(l). Calculate v(-4).
-6
Let s = -6 